
0
-1 + 1 + 3 - 0
3
Evaluate -8 + -5 + (7 - -6) - 0.
0
What is 2 + -8 + (-5 + 5 - -2)?
-4
-2 - (-1 - 4) - (0 - 0)
3
Evaluate -5 + 10 + -18 - -8.
-5
Evaluate -6 - (-1 + (-3 - -1)).
-3
Evaluate (-4 - -2) + -4 - -7.
1
What is -8 - ((-2 - 2) + -3)?
-1
What is 4 + (-8 - (-1 - 1) - -3)?
1
What is (0 - -2) + (0 - 0)?
2
What is the value of 9 + -5 + -4 + -5 - -8?
3
2 + -5 + (38 - 38)
-3
What is the value of (5 - 1) + -60 + 58 + -6?
-4
What is (7 + 1 - 1) + -12?
-5
What is the value of -10 + 0 - (-7 + -1)?
-2
What is the value of -2 - (1 + (1 + -4 - -2))?
-2
What is the value of -2 - (2 - (4 + -11))?
-11
What is the value of -3 - (4 + 0 - 10) - 0?
3
Evaluate 0 - (1 - 0) - (-10 - -5).
4
Evaluate -6 - (5 + (1 - 12)).
0
(-3 - -7 - 3 - 1) + -8
-8
Calculate -2 - (8 - (16 + -4)).
2
-6 + 2 + -3 + 5
-2
Calculate -4 + (0 + 0 - (5 + -12)).
3
What is the value of 6 - ((5 + -3 - -7) + 4)?
-7
What is -6 + 0 + (6 - 2)?
-2
What is the value of 5 + (2 - 8) - -2?
1
What is 1 + -4 + 35 + -37?
-5
What is -1 + (-2 - 0) + 1 - 1?
-3
-8 + 2 + (-1 - -2) - 2
-7
What is the value of -5 + -2 + 5 + 4?
2
What is the value of 5 + (0 - -1) - 1?
5
What is -5 + 8 - (-1 - -1 - 0)?
3
Calculate 5 + (-2 - -2 - 6) + 2.
1
(3 - (-3 - 3)) + -5
4
Evaluate -3 - (-4 + -2 + 0).
3
Calculate 1 + -2 + 1 + -20 + 21.
1
Calculate 3 - (-5 - (0 + -3)).
5
What is 4 + (2 - (0 - -3))?
3
Evaluate 3 + 0 + (-3 - -3).
3
Calculate 0 - (-2 + 0) - -3.
5
5 + 1 + (-3 - 3) + 0
0
Calculate 5 + 1 + (-1 - 3) + -2.
0
What is 3 + -5 + 0 - (5 + -5)?
-2
Calculate 5 - 8 - (2 - (-3 - -5)).
-3
0 + 9 - (5 + 0) - 1
3
What is the value of -36 + 13 + 11 + 13?
1
-4 + 7 - 8 - (4 - 4)
-5
What is 1 - (2 + -3 + 2 + 0)?
0
What is the value of 2 + -6 + -12 + 13?
-3
What is 9 + (5 + 0 - (-40 + 46))?
8
-7 - (2 + (7 - 9) - 0)
-7
Evaluate -4 + 3 + 3 + 2 - 0.
4
(2 - -1) + -6 + 7
4
What is 1 + -7 + -1 + 5?
-2
Evaluate -3 - 1 - (-4 + 0) - 6.
-6
-1 + 1 - 1 - (0 - -2)
-3
Calculate -10 + 6 - (0 - -1).
-5
What is the value of (6 - (0 + -1)) + -5?
2
What is -10 + (1 - -5) + 1?
-3
Evaluate 1 + -6 + 3 + 7 + 1.
6
(-8 - -8) + -4 + (3 - 1)
-2
Calculate -1 - ((-8 - -20) + -13).
0
What is -2 - (8 - (4 - 0))?
-6
What is the value of 3 + -1 - (6 + (-2 - 5))?
3
Evaluate -3 + 1 + 7 + -1 + -3.
1
What is -13 + 0 + (4 - -3)?
-6
What is the value of (11 - (-1 - -18)) + 9?
3
Evaluate -4 - (-10 - (-2 + -6)).
-2
20 + -17 - (0 - (9 - 3))
9
Calculate -4 + (0 - 1) + -132 + 137.
0
Evaluate (1 - 2 - -5) + -20 + 21.
5
Calculate -1 - -3 - (-13 - -12) - -1.
4
What is the value of (6 - -5 - 4) + -2?
5
What is the value of 8 + (-4 - 3) + 1?
2
Evaluate 64 + -67 - (-12 + 0).
9
What is -2 + 7 + -36 + 29?
-2
Evaluate 0 - (-6 - 0 - -6).
0
What is the value of -9 + 2 - (3 - -1 - 7)?
-4
What is (3 - 8) + 8 + -1 + 2?
4
Calculate 7 + -7 - (10 + -13).
3
Calculate (-1 - 2) + (5 - 7).
-5
Calculate 9 + -11 + 10 - 1.
7
Calculate (-6 - -7 - (1 + -6)) + -2.
4
((3 - 6) + 7 - 17) + 6
-7
-3 + -1 + -1 + 7
2
(9 - (-10 + 32)) + 11
-2
Calculate 4 - (2 + (2 - 1) + 5).
-4
What is 0 + -4 - (-5 + 9 + -3)?
-5
What is the value of 0 - 0 - (-47 - -49)?
-2
Evaluate (290 - 290) + (-1 - (1 + 0)).
-2
Calculate 7 + (-6 + 16 - 5) + -12.
0
What is 5 + 1 + -3 + 0 + 5?
8
35 + -49 - (2 - 10)
-6
8 + 11 + -7 + -5
7
What is the value of 1 - (-4 - 2 - -4)?
3
Calculate 0 - 2 - 1 - (-20 + 17).
0
-2 + 5 + -10 + 9
2
Calculate -29 - -14 - (-2 - 5).
-8
-3 + 5 + -5 - -4
1
What is 15 - (15 - (14 - 7))?
7
What is the value of 16 + -7 + -11 + -4?
-6
Evaluate -1 - (-4 + -2 + 0).
5
What is -4 - (-6 + 6) - -6?
2
Calculate 3 + -4 + 3 + 2 + -4.
0
Evaluate 2 - (-5 - -3 - -1).
3
What is the value of 4 + 0 + (0 - 4 - -4)?
4
Calculate -7 + 1 + (-5 + 2 - -6).
-3
What is -1 + (-5 - (1 - 5))?
-2
Evaluate 13 + (-20 - -6) - 9.
-10
What is the value of -5 + 5 + 5 - 3 - 7?
-5
-2 + (-3 - 0 - (-7 - -3))
-1
What is the value of -4 - -3 - -2 - (1 + 4)?
-4
Evaluate 5 + -3 + (2 - (7 + 0)).
-3
4 + 1 + -2 + -5
-2
What is the value of -21 - -29 - (1 - -1)?
6
What is the value of -6 + 3 - (1 + -2)?
-2
What is the value of -3 + ((0 - -6) + 5 - 4)?
4
Calculate (8 - 13) + 0 + 2.
-3
-8 - 5 - (4 - 11)
-6
Calculate (-6 - -4) + 0 - -1.
-1
What is -10 - (-4 + (1 - 0))?
-7
Evaluate -2 + -4 + 2 - -7.
3
-10 + (-13 - (-36 + 11))
2
What is 0 + (-4 - 0 - -5)?
1
-3 + 8 + -4 + -2 + 7
6
-11 - ((0 - 5) + -1 + 6)
-11
Evaluate 2 + (-2 - 7) + 1.
-6
What is the value of -8 - (-5 + (-10 - -5))?
2
Calculate -1 - (2 + -9 + (20 - 9)).
-5
Evaluate 0 + 1 + 0 + -2 + 1.
0
Calculate -1 + -2 + -1 + 1.
-3
4 + -6 + (9 - 9)
-2
What is the value of 7 - 9 - (1 - 2)?
-1
Evaluate 2 - (5 + (5 - 10)).
2
What is -4 - (4 - -1 - 12)?
3
What is 0 + (-4 + 1 + 7 - 10)?
-6
What is the value of -3 + 3 - (-14 + 18)?
-4
Evaluate 11 + (6 - (19 - (1 - -5))).
4
What is the value of -9 + -3 + 12 + -4?
-4
What is (-3 - 1) + 7 - 3?
0
-6 + 16 + -5 - (1 + 3)
1
(16 - 23) + (0 - -7)
0
What is the value of -6 + (5 + 0 - 3)?
-4
Calculate -1 + (-11 - (11 + -15)).
-8
What is the value of 1 + -2 - 7 - (52 + -55)?
-5
Evaluate 3 + -4 - (-2 - 2).
3
Evaluate 0 - -2 - (3 - (-2 + 6)).
3
-11 + 1 + 3 - -7
0
Calculate 8 + (-2 - 12 - -4).
-2
What is 4 - (-1 + 2 + -2)?
5
What is (2 - (1 + 3)) + 3 - -2?
3
What is (3 - 0) + (0 - 5)?
-2
What is the value of -3 + -1 + 2 + -1 + -1?
-4
Calculate (-4 - -9 - 1) + -6.
-2
Evaluate -1 - 2 - 4 - (2 + -4).
-5
What is the value of 2 + -1 + (3 - 4)?
0
Calculate -2 + 8 + (8 - 13).
1
Evaluate -5 - ((2 - 1) + -17 + 17).
-6
What is -10 + 10 + -5 - -2?
-3
Calculate -16 + 7 + 7 + 0 - -10.
8
1 + -6 - 3 - (-1 - 3)
-4
What is (8 - 4) + -2 + 2?
4
3 - (1 + 4 + 5)
-7
What is (3 - 1) + (-11 - -1) - 1?
-9
Evaluate (4 - (-2 - 2)) + (1 - -1).
10
Evaluate 13 + -15 + (8 - 2).
4
What is the value of 2 - -2 - ((-9 - -9) + 11)?
-7
What is 2 - (2 - -3 - 7)?
4
What is the value of -2 + -4 + (-2 - -3)?
-5
What is 0 + (0 - (0 - 5) - 5)?
0
(2 - -3) + 1 - (30 + -27)
3
What is 6 + 2 + 3 - 6?
5
What is the value of 2 - -5 - (-5 - -10 - 1)?
3
Evaluate 5 + -5 + 0 + 4.
4
What is the value of -6 + 5 + -2 + (-11 - -6)?
-8
Calculate (7 - 10 - -11) + -11.
-3
What is the value of -1 + -1 + 6 + 0 - 6?
-2
What is 6 - 12 - (-1 - (2 + 0))?
-3
What is 6 - (-4 - (4 - 4) - -8)?
2
-20 - -19 - (1 + 1 - 11)
8
What is (-1 - -1) + (22 - 22)?
0
What is -6 - (4 + -6 - -6)?
-10
Evaluate (-5 - 0) + 5 + -5.
-5
What is the value of 7 - (8 + -3) - 4?
-2
5 + (5 - 5) + -1 + 1
5
(-1 - -1 - (6 - 4)) + 8
6
What is -11 + 8 - (1 + -2)?
-2
Calculate (-5 - -4) + (0 - -2).
1
Calculate (0 - 3) + 1 + -22 + 29.
5
182 + -182 + (-2 + 4 - 4)
-2
What is (8 - 9) + (-2 + 6 - 2)?
1
What is the value of -1 + 2 - (-13 + 13)?
1
What is -2 - (1 + (5 - 6) + 1)?
-3
What is 8 + -3 + -3 + 2 + 2?
6
Evaluate -5 + (-6 - -3) + 7 + -3.
-4
What is -10 + -3 + 9 + -1?
-5
Evaluate -2 + 0 + -7 + 14.
5
Evaluate (-3 + -3 - -8) + 4.
6
Evaluate 0 - ((1 - 5) + -1).
5
(-1 - -1 - -8) + -2
6
Calculate (-4 + 5 - 6) + 1.
-4
What is the value of 10 + (0 - -7 - 17)?
0
What is the value of 1 + (3 + 5 - 2) + -3?
4
0 - (-2 + 3) - (5 + -4)
-2
What is the value of -2 + 3 + -5 + 8?
4
-9 - -4 - (-2 + 2)
-5
What is -2 + (-11 - -1 - -10)?
-2
What is -1 - (5 - 7 - 7)?
8
What is (8 - 1) + (-20 - -11)?
-2
What is 0 + (3 + 3 - (-5 - -4))?
7
What is 1 + -5 + 0 + 0?
-4
Calculate -10 + 6 + 1 - (1 - 0).
-4
Evaluate 7 + 2 + (8 - 19).
-2
Evaluate 3 + (0 - 0 - 2).
1
-6 + 2 + (4 - 10 - -3)
-7
What is the value of -5 + -7 - (-23 + 9)?
2
(3 - 8 - -3) + -1 + 5
2
(1 - (2 + -3)) + 8 + -12
-2
Evaluate (4 - -1) + 2 + (-172 - -168).
3
-4 + (-1 - 0) + 7
2
Calculate (-2 - (4 - 6)) + 7 + -1.
6
Evaluate -2 + 3 + (6 - 1) + -8.
-2
What is 8 - (-12 + -7 + 22)?
5
Calculate 1 + -2 + (-13 - -12).
-2
What is (-15 - -10) + (3 + 1 - 3)?
-4
What is 2 + -7 - 1 - (-89 - -76)?
7
What is 5 - (8 + 1) - (-6 - 1)?
3
4 - (-1 + -4 + 5 + 8)
-4
What is -7 + 0 + (-2 - -9 - 3)?
-3
Evaluate 0 + -5 + (10 + 4 - 5).
4
What is the value of 0 - (-1 - (-1 - 1))?
-1
Calculate (-1 - 0) + -15 + 18.
2
Evaluate (0 - (-6 - -4)) + -3.
-1
-1 + 3 + -3 + 1
0
What is the value of -3 - (5 - 9 - (2 + -3))?
0
-1 - 1 - (-15 - -16)
-3
Evaluate (-6 - -1) + 2 - (-2 + 2).
-3
4 - 11 - (5 + -19)
7
What is the value of 1 + (0 - 0 - -2)?
3
Evaluate -9 + 11 - (-1 - -7).
-4
-7 - (-16 + 1 + 14)
-6
What is the value of -2 + (-5 - 2 - -2 - -1)?
-6
What is 5 + -5 + -2 - (1 - 4)?
1
Wha